by 16/w*18/4?
11
Let j(v) = -v**3 + 6*v**2 + 5*v + 3. Let p be j(6). Suppose w - p = -2*w. Calculate the remainder when 21 is divided by w.
10
Suppose w = -2*u + 4, -3*w - 2*w = -5*u - 20. Suppose 13 = 2*f + r, 29 = 4*f - 3*f - w*r. What is the remainder when 26 is divided by f?
8
Calculate the remainder when (-1)/((3/19)/(-3)) is divided by 76/12 - 4/(-6).
5
Suppose 16 = -4*o, 0*g = g - 2*o - 10. Suppose -a - 4*d - 4 = d, 2*d = -2*a. What is the remainder when g is divided by a?
0
Let z = 23 - -4. Let k = z + -14. Calculate the remainder when k is divided by 4.
1
Suppose 0 = -2*i + 7 + 25. Let k = -9 + i. Suppose -k = -b + 3. What is the remainder when 28 is divided by b?
8
Let w(g) = g - 9. What is the remainder when 6 is divided by w(13)?
2
What is the remainder when 32 is divided by 79/7 + 2/(-7)?
10
Suppose 0 = 4*v - 0*v + 12. Suppose -5*i = 4*q - 3 - 75, 104 = 5*q + 3*i. Calculate the remainder when (-2)/v + (-254)/(-6) is divided by q.
21
What is the remainder when 31 is divided by 8/(-6 + 8 - (2 + -1))?
7
Suppose 2*x = 4*t + 4 - 466, 5*t - 577 = 3*x. What is the remainder when t is divided by 24?
20
Suppose -5*c + 22 = -3*c. Let r(u) = u - 6. Let m be r(9). Let k = m - -3. What is the remainder when c is divided by k?
5
Let b be (-2)/(-4) + 92/8. Suppose o = -3 + b. What is the remainder when o is divided by 4 - 1/(2 + -1)?
0
Let w = -6 + 2. Let l(a) = -5*a - 1. Let z = 254 - 198. Calculate the remainder when z is divided by l(w).
18
Let o = -7 - -4. Calculate the remainder when 15 is divided by -16*(o - -1)/4.
7
Suppose 20 = 3*r + m, 5*m - 2 = -2*r + 20. What is the remainder when 38 is divided by 62/r - 2/6?
8
Let n = -31 + 40. What is the remainder when n is divided by 6?
3
Let g(z) = 5*z**2 + z + 3. What is the remainder when g(-4) is divided by 20?
19
Let t be (-5)/10 + (-5)/(-2). Suppose t*l = l. Suppose l*z = 4*z - 44. What is the remainder when 21 is divided by z?
10
Suppose 102 = 12*h - 42. What is the remainder when 214 is divided by h?
10
Suppose 0 = a + a + 5*b - 37, -5*a = 5*b - 70. Let q = -8 - -50. What is the remainder when q is divided by a?
9
Let v(g) = g**2 - g + 57. Calculate the remainder when v(0) is divided by 10.
7
What is the remainder when 14/(-21)*(-189)/2 is divided by 33?
30
Suppose -6*d + 27 = -129. Calculate the remainder when 74 is divided by d.
22
Suppose -3*r + 7 = -2*j - 34, 4*j = -3*r + 17. Calculate the remainder when r is divided by 6.
5
Let c(b) = b**3 + 23*b**2 + 17*b - 47. Calculate the remainder when c(-22) is divided by 5.
3
Suppose 0*d - 16 = -d. What is the remainder when 29 is divided by d?
13
Suppose 0 = -u - g + 20, u - 38 = -5*g - 6. Let f = -4 + u. What is the remainder when 24 is divided by f?
11
Suppose -d + 5 = -4. Let x(f) = -f - 2. Let s be x(4). Calculate the remainder when (15/s)/(1/(-10)) is divided by d.
7
Let c = 35 + -51. Let j = -13 - c. What is the remainder when 6 is divided by j?
0
Suppose 3*b + 2*b = 25. Suppose -2*y + 74 = m, 2*m - 80 = -b*y + 69. Calculate the remainder when m is divided by 25.
22
Suppose -a - 11 - 1 = 0. Let n(l) = l**2 + 11*l - 9. Calculate the remainder when n(a) is divided by 1.
0
Let i(v) = 3*v + 8. Let q(b) = -2*b - 4. Let n(a) = 3*i(a) + 5*q(a). Calculate the remainder when 7 is divided by n(0).
3
Suppose 17*f - 240 = 14*f. Calculate the remainder when f is divided by 27.
26
Suppose 64 = 5*r - 36. Suppose 0*p = -4*p + r. Suppose -5*l = 4*o - 23 - 38, o + p*l - 4 = 0. Calculate the remainder when o is divided by 10.
9
Suppose 39 + 5 = 4*o. Suppose -46 = -c + 5*q, 124 - 34 = 5*c + 3*q. What is the remainder when c is divided by o?
10
What is the remainder when (-3)/((-3)/(1*45)) is divided by 12?
9
Let n be -2 + 4*10/4. Let v = n + -2. Calculate the remainder when 21 is divided by v.
3
Let z(o) = -4*o - 2. Let n(i) = 4*i + 3. Let v(h) = -7*n(h) - 6*z(h). What is the remainder when 55 is divided by v(-7)?
17
Let f(d) = 4*d - 4. Suppose 3 = n - 3. Calculate the remainder when 58 is divided by f(n).
18
Suppose -2*k = 2*k - 2*u - 16, 4*u - 16 = 0. Calculate the remainder when 1/1 - (-22 + 2) is divided by k.
3
Let b(s) = 2*s**3 - s**2 + 1. Let k = -2 - -4. Let i(l) = 4*l + 4. What is the remainder when i(5) is divided by b(k)?
11
Let v = -11 + 16. Suppose f - 2 = 3*m - 0*m, 60 = v*f - 5*m. Calculate the remainder when 32 is divided by f.
15
Let r = 46 - 6. Suppose 7*m - 3*m = r. What is the remainder when m is divided by 4?
2
Let b = 93 - 62. Let u = b + -13. What is the remainder when 70 is divided by u?
16
Let y = -15 - -19. Calculate the remainder when y is divided by 2.
0
Suppose -3*n + 4*i + 0*i + 12 = 0, n + 2*i = 4. Let j = 36 - n. Suppose 2*h + 5*v + 3 = 37, 5*h - 85 = -5*v. Calculate the remainder when j is divided by h.
15
Calculate the remainder when 69 is divided by (-1548)/(-44) - (-6)/(-33).
34
Suppose 3*f + a = 5*f - 126, -2*a = 5*f - 333. What is the remainder when f is divided by 23?
19
Suppose 5*g + 3*f = 54 + 3, 5*g + 5*f - 65 = 0. What is the remainder when 25 is divided by g?
7
Let x(j) = -7*j - 1. Let y be x(-1). Suppose 0 = 2*c - y. What is the remainder when c is divided by (-20)/(-15) - 5/((-30)/4)?
1
Suppose 5*o = -2*y - 0*y + 34, 4*y + o - 32 = 0. What is the remainder when 67 is divided by y?
4
Let n = 7 + -3. Suppose -4*y = n - 60. What is the remainder when 40 is divided by y?
12
Let q be 4 - -17 - (-6 - -3). Let a = -16 + q. Let c(b) = -3*b - 1. Calculate the remainder when a is divided by c(-2).
3
Let d(i) = 5*i - 3. What is the remainder when d(4) is divided by 7?
3
Let f = 9 - -1. Let r = -7 + 12. Suppose 3*s - r*s + 56 = 0. Calculate the remainder when s is divided by f.
8
Suppose -4*p + 99 = -5*q - 42, 0 = -3*p - 5*q + 132. Let h = -26 + p. Calculate the remainder when h is divided by 7.
6
Let h(o) = o**3 - 7*o**2 - 8*o. Let a be h(9). Suppose 0 = -4*n + n + a. Calculate the remainder when n is divided by 8.
6
Suppose 7*n - 8 = 5*n. What is the remainder when 6 is divided by n?
2
Let a(j) = j**2 + 6*j + 9. Let p be a(-6). Suppose -4*v = 29 - p. Let k(s) = -3*s - 5. What is the remainder when 18 is divided by k(v)?
8
Let d = 9 - -7. Let k = d - 10. Calculate the remainder when 22 is divided by k.
4
Suppose 2*k + 3*k = 4*x + 126, 0 = 5*x + k + 172. Let h = 5 - x. What is the remainder when h is divided by 10?
9
Let z(a) = -a + 3. Let l be z(4). Let b = 11 + l. Calculate the remainder when 39 is divided by b.
9
Suppose c - 34 = -4*k, -4*c + 22 = 2*k - 2. Suppose -4*f - k + 100 = 0. Calculate the remainder when f is divided by 10 + 1*(1 - 3).
7
Suppose -2*j - 3*j = -50. Calculate the remainder when (36/(-30))/((-1)/15) is divided by j.
8
Let q be (1 + 2 + -3)/(-1). Suppose -34 = -2*p - q*p. Let j = 3 - -28. What is the remainder when j is divided by p?
14
Let f be ((-22)/(-5))/((-1)/(-30)). Suppose -2*x = -6*x + f. Suppose 5*k - x = 3*v + 14, 3*k - v = 25. What is the remainder when 12 is divided by k?
5
Let c be ((-9)/(-2))/(2/(-4)). Let x = 43 - 31. Calculate the remainder when x is divided by -1 - (c - (-3 + 2)).
5
Let u(k) = 5*k**2 - k. Let p be u(-1). Let d = p - 3. Suppose -d*q + 10 = -2*q. What is the remainder when 19 is divided by q?
9
Suppose -5*a = 3*j - 98, 2*a - 10 = -4*j + 18. Let w = a + -6. What is the remainder when 152/5 - (-2)/(-5) is divided by w?
14
Suppose -28 = -3*l - 4. What is the remainder when 38 is divided by l?
6
Let n = 65 + -3. What is the remainder when n is divided by 16?
14
Let i(z) = 3*z**2 + 5*z - 6. Suppose -2*c - 20 = 2*c. Suppose -3 = -u + 12. Calculate the remainder when i(c) is divided by u.
14
Let m be (32/(-4))/((-1)/(-4)). Let j = m + 54. Calculate the remainder when 43 is divided by j.
21
Suppose -3*z + 17 = 5*f, 2*z = f - 2*z + 15. Let p = 6 + f. Let y = p - 5. Calculate the remainder when y is divided by 2.
0
Suppose 37 + 27 = 4*y. What is the remainder when 47 is divided by y?
15
Let p = -3 - -8. Suppose 22 = p*h - f, 3*f - 6 + 2 = h. Suppose -25 = h*r - 195. Calculate the remainder when r is divided by 12.
10
Let c(q) = 8*q. Let k be c(1). What is the remainder when 33 is divided by (-18)/(-2) + (k - 5)?
9
Let k be ((-8)/14)/(13/(-91)). Suppose k*y + r - 104 = 0, 2*y + 2*r - 46 = -0*y. What is the remainder when y is divided by 7?
6
Suppose 9 + 27 = 4*y. Let i = -123